e ((-8)/2)/((-1)/(-1)). Give g(z).
3
Let x(v) = -2*v - 5. Let b be x(-4). Let f(j) = 5 + j - 2*j**b + 5*j**2 + 2*j + 3*j**3. Determine f(-4).
9
Suppose -5*z - 2 + 7 = 0. Let s be (4 + -3 - 4)/z. Let k(q) = -3*q - 4. Give k(s).
5
Let r be (3/6 - 2)*2. Let i(s) = -2*s + 1. Determine i(r).
7
Let r(w) = -w**2 - w + 5. Let s be (-1)/(((-3)/7)/3). Let p be -6 + (-7)/(s/(-2)). Calculate r(p).
-7
Let b(a) = a**2 + 2*a - 7. Let z(k) = k**2 + 6*k - 10. Let m be z(-8). Suppose m = -3*w - 9. Determine b(w).
8
Let c(a) be the first derivative of a**2 - a + 7. Give c(3).
5
Let t(a) = 5 - a**2 - 1 + 0*a**2 + 1 + 2*a. What is t(4)?
-3
Let r(j) = j**3 + 3*j**2 - j + 1. Let t be r(-3). Let n(h) = 3 + 3 - 3*h**3 - 7 + 2*h**3 - 3*h + 5*h**2. Calculate n(t).
3
Let v(k) be the second derivative of -k**8/1344 - k**7/2520 + k**6/720 + k**5/120 - k**4/4 + 2*k. Let j(r) be the third derivative of v(r). What is j(-1)?
4
Let p(o) = 0 + 2 - 2*o - 1. Let h be 2 - 2/(-2) - 3. Let m be 1 - (-2)/(-1 + h). Give p(m).
3
Let f(o) = -o + 1. Suppose 3 = k - 1. Let q = 7 - k. Determine f(q).
-2
Let x(r) = -r. Let a(z) = 4*z + 4. Let c(u) = 7*u + 7. Let m(j) = 5*a(j) - 3*c(j). Let w(v) = 2*m(v) - 3*x(v). Determine w(-5).
-7
Let q(v) = 4*v. Let t(i) = i**2 + 3*i. Let h(r) = 4*q(r) - 5*t(r). Suppose -4*p = -32 + 8. Suppose -n - p = -f - 2, -5*f = 2*n + 1. Give h(f).
-4
Let w(m) = -2. Let x(v) = v**2 - 1. Let i(o) = w(o) + x(o). Calculate i(4).
13
Let a = 33 - 15. Suppose f = 5*b + 13, 5*b - 2 = 2*f - a. Let p(j) = j**3 + 2 - 166*j - 166*j + 335*j + j**2. Determine p(b).
-8
Let m(l) be the third derivative of -l**4/12 + l**3/3 - 37*l**2 - 2. Calculate m(-3).
8
Let g(a) = 17*a**3 - 2*a**2 + 2*a - 1. Let n = 90 + -89. Give g(n).
16
Let m be (-1)/2 + 1/2. Let t be -1*(m - 1)/(-1). Let p(i) be the third derivative of i**5/12 - i**4/24 - 8*i**2. Determine p(t).
6
Let j(a) be the third derivative of 0*a - 1/120*a**6 + 2/3*a**3 - a**2 + 0 + 1/6*a**4 - 1/30*a**5. Calculate j(-3).
1
Let c(j) = 3 + 2*j + 2*j - 5*j. Let u(v) = 2. Let l(b) = -2*c(b) + 3*u(b). Suppose 4*t - 5*n - 28 = 6*t, -4*t - 36 = 5*n. Calculate l(t).
-8
Let d(a) = a**3 - 5*a**2 + a + 2. Let g(r) = r**3 + 5*r**2 - 6*r + 2. Let k be g(-6). Suppose -4*i - k - 2 = 0. Let x = 6 + i. What is d(x)?
7
Let k(a) = 4*a. Let b be 24/9 + (-1)/(-3). Let m(r) = 3*r - 1. Let q(z) = b*m(z) - 2*k(z). Give q(6).
3
Let p(v) be the first derivative of -v**3 + v**2/2 + v - 4. Suppose 3*f + f - 4 = 0. Let c be (-1)/(3/(-2) + f). What is p(c)?
-9
Let s(u) = 2*u**3 + 3*u**2 + 2*u. Let a = -24 + 22. Calculate s(a).
-8
Let s(m) be the third derivative of 0*m - 2/3*m**3 - 1/60*m**5 + 7/24*m**4 + 4*m**2 + 0. Determine s(5).
6
Suppose -l - 2 = -5*j, 5*l = j - 0*j + 38. Let u(y) = -y + l + 3 + 0 - 4. What is u(7)?
0
Suppose 2 = g, 2*g - 4 = -4*q - 0*g. Suppose q*n + 5 = n. Let o(w) = w**2 - 4*w + 1. Give o(n).
6
Let t(p) = -p**2 - p + 2. Let i(n) = n + 3. Let g be i(-6). Calculate t(g).
-4
Let a be -2 + (-2)/((-1)/1). Let q be (1 - -1) + -2 + a. Let r = 0 - q. Let h(s) = -s - 5. Give h(r).
-5
Let m(n) = -1 - 2*n - 4*n**2 - 2 + 0*n + 6*n**3 - 7*n**3. Give m(-3).
-6
Let d(o) = 2*o. Suppose 16 = t + t + 2*i, 14 = 3*t + i. Suppose 18*f - 15*f = 9. Suppose t*a = -f*h + 3, 0*a + 3*a = -4*h. Calculate d(h).
-6
Let m be -1 + -3 + 7 - 1. Let j(n) = 5*n**3 + n**2 + 4*n - 2*n**3 + m - 4*n**3 - 3*n. Determine j(0).
2
Let k be 7*(1 + (-2)/14). Let u(c) be the first derivative of c**2/2 - 12*c + 12. Determine u(k).
-6
Let n(q) = 2*q**2 - 5*q - 6. Let u = -13 - -18. Calculate n(u).
19
Let a(o) = -3 + 0*o**3 + 0*o**3 - 2*o**2 - o**3. Let p = 11 - 2. Let z be (3 + (-30)/9)*p. What is a(z)?
6
Let j(u) = u**3 + u**2 - 2*u + 2. Let n = -17 - -12. Let h = n - -2. What is j(h)?
-10
Let w(b) = 2*b**3 - 3*b**2 + 5*b - 4. Let x be w(3). Let u be x/8 - (-1)/4. Let d(o) = o + o**2 - u*o + 0*o**2. Give d(4).
0
Let x(i) = 2*i**2 - 8*i - 10. Let o(w) = 3*w**2 - 9*w - 11. Let v(y) = -3*o(y) + 4*x(y). Give v(-6).
-13
Let i(b) = b - 2. Let m be i(5). Let k(s) = -5*s**3 + 4*s**m - 2 - 7*s**2 - 5*s + 4. What is k(-6)?
-4
Let f(x) = x**3 - 3*x**2 + 4*x - 2. Let t(o) = 0*o - 4*o - 1 + 9*o + 5*o. Let s be t(1). Let r = s - 6. What is f(r)?
10
Let l = -37 + 17. Let c be (-1)/(-3) + l/15. Let f(s) = -9*s + 1. What is f(c)?
10
Let b(c) = c**2 - 5*c - 3. Let q(g) = -6*g**2 + 2*g + 2. Let s be q(2). Let i = s + 8. Let w = i + 15. Determine b(w).
-3
Let l be (8/(-2) - -5) + 3. Let x(a) = -a**2 + 7*a - 4. Calculate x(l).
8
Let m(b) be the third derivative of -b**6/360 + b**5/30 - b**4/12 + b**3/3 - 2*b**2. Let s(u) be the first derivative of m(u). Calculate s(3).
1
Let c(p) = p - 5. Suppose 2*w - 4*a = -12, 6*a - 3*a + 9 = -3*w. Let o(q) = 5 - 3 - q + 2. Let z(s) = w*c(s) - 5*o(s). Calculate z(4).
4
Let y(w) = 2*w**2 + 2*w - 3. Suppose 0 = -4*g + 8*g - j + 13, -2*j = 5*g + 13. Calculate y(g).
9
Suppose -34 + 4 = -5*i. Let c be 10 + 5/((-15)/i). Let a(g) = g - c + g + 4. Give a(3).
2
Suppose 2*b = 2*i - 4*i - 4, 2*b + 8 = 0. Let v(f) = -3 - 3*f - i*f + 6*f. Let z = -46 - -50. Determine v(z).
1
Suppose -2*r - 2 = -10. Let i(g) = -g**2 + 5*g + 1. Give i(r).
5
Let c(f) = 3*f**3 - 2*f**2 + 7*f - 2. Let n(d) = -9*d**3 + 5*d**2 - 20*d + 6. Let g(k) = -17*c(k) - 6*n(k). What is g(-2)?
-12
Let r(l) be the first derivative of -5*l**3/3 + l**2/2 + l + 1. Let p = 54 + -55. What is r(p)?
-5
Let x(u) = 0 + u + u**2 + 5*u**3 + 0 + 0*u**2. Give x(-1).
-5
Let n(a) = -1 + 3*a - a - 3*a - a**2. Let k = -12 + 8. Let t be 0 - k/(-16)*0. Give n(t).
-1
Let s = -8 + 13. Suppose 0 = 3*w + s + 4, -4*y - w = 3. Suppose 5*x - x + 16 = y. Let q(g) = g**2 + 4*g - 3. Calculate q(x).
-3
Let o(t) = -7*t + 5. Let h(a) = 22*a - 16. Let m(f) = f + 7. Let j be m(-5). Let b(k) = j*h(k) + 7*o(k). Suppose 0 = -2*z + 4. Calculate b(z).
-7
Let o(k) = -k**2 - 7*k - 1. Let q = -15 + 7. What is o(q)?
-9
Let c(x) be the first derivative of 0*x - 6 - 1/2*x**2. Give c(-4).
4
Let q(i) = 6*i**2 + i + 4. Let p(v) = 5*v**2 + 3. Let t(f) = 5*p(f) - 4*q(f). Let c(j) = j**2 + 4*j. Let z be c(-6). Let a = z - 7. Determine t(a).
4
Let t(p) = -5*p**3 - 8*p**2 + 6*p - 5. Let f(l) = -l**3 - l**2 + l - 1. Let w(o) = 6*f(o) - t(o). What is w(2)?
-1
Let l be 3 + 0 + 1 + 0. Suppose -l*c = -6*c. Let x(p) = p**2 - 4. Calculate x(c).
-4
Let k = 12 + -10. Let c(r) = 0 - 3*r + 4*r - k - 5. What is c(6)?
-1
Let a(q) = -4*q + 3. Suppose -4*w = 0, -4*w - 6 = -3*l - 2*w. Give a(l).
-5
Let q(s) = s**2 + 4*s + 4. Suppose 3*g + 5*j = 1, 4*j = -3*g + 1 + 1. Suppose -g*w - 15 = w. What is q(w)?
9
Let u be ((-18)/(-21))/((-33)/(-154)). Let c(n) = 6 - n - 5 + 2*n. Determine c(u).
5
Let x(p) be the third derivative of -p**6/120 - p**4/12 + p**3/6 + 33*p**2. Determine x(1).
-2
Suppose 0 = -2*g + 5*v - 4*v + 9, -g + 12 = -3*v. Let h(m) be the second derivative of -2*m**2 - 2*m + 1/3*m**g + 0 + 1/12*m**4. Calculate h(-5).
11
Let c(t) be the third derivative of -t**4/24 + 7*t**3/6 - 2*t**2. Let w be c(7). Let y(q) be the second derivative of -q**3/6 - 3*q**2 + 2*q. What is y(w)?
-6
Let p(b) = -b + 1 + 0 - 2. Give p(0).
-1
Let s(g) be the first derivative of -3*g**2/2 - 4*g + 25. What is s(-5)?
11
Let p(y) = 3*y**3 - 6*y**2 - 5*y. Let o(k) = -k**3 + k**2 + k. Let c(i) = -5*o(i) - p(i). Let n(z) = z**3 - 21*z**2 + 20*z - 2. Let s be n(20). What is c(s)?
-12
Suppose 5*n = 25, 2*c + 17 = 3*c + 3*n. Suppose -4*h + 16 = j + h, -c*j - 24 = -4*h. Let v(p) = -p**2 - 4*p + 2. Give v(j).
2
Let r(o) = -5*o**2 - 2*o. Suppose -5*v + 3 = 4*i - 12, -v + 3 = i. Suppose 2*d + i*d = -4. Give r(d).
-16
Suppose 3*k + 4 = 5*q - 8, -2*q - 3*k = 12. Let n(j) = j**2 - j + 1. Give n(q).
1
Let h(n) = -9*n**2 + 3*n + n**2 - 9*n + 8. Let d(c) = -7*c**2 - 5*c + 7. Let q(x) = -7*d(x) + 6*h(x). Calculate q(-1).
1
Let q(n) = n - 3. Let f be q(5). Suppose -f = d - 4. Let r(x) = -3*x - 6. Let m(p) = 10*p + 17. Let b(h) = d*m(h) + 7*r(h). Calculate b(-6).
-2
Let t(g) = -g - 1. Let f(s) = 6*s + 2. Let y = -6 - 0. Let x(u) = y*t(u) - 2*f(u). Give x(-2).
14
Let v(p) = 1 - 2 + 2 + p**2 - 3*p**2 - p. What is v(1)?
-2
Let f(d) = -7*d + 4. Let s(a) = -a + 1. Let u(o) = -f(o) + 6*s(o). Let m(l) = 2 + 4*l**2 - 3*l**3 + 4*l + 2*l**3 - 6*l + 0*l. Let h be m(3). What is u(h)?
7
Let h(r) = r - 4. Suppose 3*z + 3*k = 12, z + 0*k